{"id":419,"date":"2023-10-09T17:57:17","date_gmt":"2023-10-09T08:57:17","guid":{"rendered":"https:\/\/gameline.jp\/thiefsimulator2\/?page_id=419"},"modified":"2023-10-14T15:34:35","modified_gmt":"2023-10-14T06:34:35","slug":"stage-206","status":"publish","type":"page","link":"https:\/\/gameline.jp\/thiefsimulator2\/stage-lists\/stage-206\/","title":{"rendered":"\u30b9\u30c6\u30fc\u30b8\u300c206 \u30d6\u30e9\u30f3\u30b3\u4e00\u5bb6\u306e\u5bb6\u300d\u653b\u7565"},"content":{"rendered":"<p>\u300cThief Simulater 2(\u30b7\u30fc\u30d5 \u30b7\u30df\u30e5\u30ec\u30fc\u30bf\u30fc 2)\u300d\u306e206 \u30d6\u30e9\u30f3\u30b3\u4e00\u5bb6\u306e\u5bb6\u306e\u60c5\u5831\u307e\u3068\u3081\u3067\u3059\u3002\u4f4f\u6c11\u306e\u7fd2\u6163\u3084\u6c17\u3092\u3064\u3051\u308b\u3079\u304d\u3053\u3068\u306a\u3069\u306b\u3064\u3044\u3066\u307e\u3068\u3081\u3066\u3044\u307e\u3059\u3002\u6c17\u306b\u306a\u308b\u65b9\u306f\u305c\u3072Thief Simulater 2(\u30b7\u30fc\u30d5 \u30b7\u30df\u30e5\u30ec\u30fc\u30bf\u30fc 2)\u3092\u30d7\u30ec\u30a4\u3059\u308b\u969b\u306e\u53c2\u8003\u306b\u3057\u3066\u304f\u3060\u3055\u3044\u3002<br \/>\n<nav id=\"display-mokuji\"><ul class=\"mokuji-list\"><li><a href=\"#mokuji-1\">206 \u30d6\u30e9\u30f3\u30b3\u4e00\u5bb6\u306e\u5bb6\u306e\u5404\u7a2e\u30c7\u30fc\u30bf<\/a><\/li><li><a href=\"#mokuji-2\">\u653b\u7565\u30c1\u30e3\u30fc\u30c8<\/a><\/li><li><a href=\"#mokuji-3\">Thief Simulater 2\u306e\u95a2\u9023\u30ea\u30f3\u30af<\/a><\/li><\/ul><\/nav><div class=\"mokuji-ad-sp\"><div id=\"im-f66e430ab4ac4c7ea83f555d2e983212\"><script async src=\"https:\/\/imp-adedge.i-mobile.co.jp\/script\/v1\/spot.js?20220104\"><\/script><script>(window.adsbyimobile=window.adsbyimobile||[]).push({pid:42118,mid:192404,asid:1927537,type:\"banner\",display:\"inline\",elementid:\"im-f66e430ab4ac4c7ea83f555d2e983212\"})<\/script><\/div><\/div><\/p>\n<h2 id=\"mokuji-1\">206 \u30d6\u30e9\u30f3\u30b3\u4e00\u5bb6\u306e\u5bb6\u306e\u5404\u7a2e\u30c7\u30fc\u30bf<\/h2>\n<h3>\u4f4f\u6c11\u306e\u7fd2\u6163<\/h3>\n<p><img loading=\"lazy\" decoding=\"async\" src=\"https:\/\/gameline.jp\/thiefsimulator2\/wp-content\/uploads\/sites\/460\/2023\/10\/206-habit.jpg\" alt=\"206\u306e\u7fd2\u6163\" width=\"678\" height=\"326\" class=\"aligncenter size-full wp-image-434\" \/><\/p>\n<h3>\u30d2\u30f3\u30c8<\/h3>\n<table>\n<tr>\n<th>1<\/th>\n<td>\u5bb6\u306e\u88cf\u306e\u30c4\u30eb\u306b\u767b\u308b\u3053\u3068\u304c\u3067\u304d\u308b<\/td>\n<\/tr>\n<tr>\n<th>2<\/th>\n<td>\u30ac\u30ec\u30fc\u30b8\u3092\u9664\u304f\u3059\u3079\u3066\u306e\u7a93\u306b\u306f\u30a2\u30e9\u30fc\u30e0\u304c\u3064\u3044\u3066\u3044\u308b<\/td>\n<\/tr>\n<tr>\n<th>3<\/th>\n<td>\u30ab\u30e1\u30e9\u7528\u306e\u30bb\u30ad\u30e5\u30ea\u30c6\u30a3\u30d1\u30cd\u30eb\u306f2\u968e\u306b\u3042\u308b<\/td>\n<\/tr>\n<tr>\n<th>4<\/th>\n<td>2\u968e\u306e\u91d1\u5eab\u306b\u3042\u308b\u9ec4\u91d1\u306e\u9854\u306e\u50cf<\/td>\n<\/tr>\n<tr>\n<th>5<\/th>\n<td>\u30ea\u30d3\u30f3\u30b0\u30eb\u30fc\u30e0\u306b\u300c\u30b5\u30e0\u30ed\u30f3\u300d\u306e\u30c6\u30ec\u30d3(\u904b\u3076\u30bf\u30a4\u30d7)<\/td>\n<\/tr>\n<\/table>\n<h2 id=\"mokuji-2\">\u653b\u7565\u30c1\u30e3\u30fc\u30c8<\/h2>\n<h3>22\u6642\u307e\u3067\u6642\u9593\u3092\u9032\u3081\u3001\u88cf\u5ead\u304b\u3089\u4fb5\u5165\u3059\u308b<\/h3>\n<p><img loading=\"lazy\" decoding=\"async\" src=\"https:\/\/gameline.jp\/thiefsimulator2\/wp-content\/uploads\/sites\/460\/2023\/10\/back-door-206.jpg\" alt=\"\u88cf\u5ead\u304b\u3089\u4fb5\u5165\" width=\"1024\" height=\"576\" class=\"aligncenter size-full wp-image-424\" \/><\/p>\n<p>\u8fd1\u304f\u306e\u30d1\u30fc\u30ad\u30f3\u30b0\u306b\u505c\u8eca\u3057\u300122\u304b\u3089\u884c\u52d5\u958b\u59cb\u3057\u307e\u3059\u3002<strong>\u5bb6\u306e\u88cf\u5074\u306b\u3042\u308b\u30c4\u30bf\u304b\u3089\u88cf\u5ead\u3078\u4fb5\u5165<\/strong>\u3057\u307e\u3057\u3087\u3046\u3002<\/p>\n<h3>\u306f\u3057\u3054\u3092\u4f7f\u3063\u30662\u968e\u3078<\/h3>\n<p><img loading=\"lazy\" decoding=\"async\" src=\"https:\/\/gameline.jp\/thiefsimulator2\/wp-content\/uploads\/sites\/460\/2023\/10\/use-rudder-206.jpg\" alt=\"\u306f\u3057\u3054\u3092\u4f7f\u3063\u30662\u968e\u3078\" width=\"1024\" height=\"576\" class=\"aligncenter size-full wp-image-423\" \/><\/p>\n<p><strong>\u306f\u3057\u3054\u3001\u901a\u6c17\u5b54\u3092\u4f7f\u3063\u30662\u968e\u306e\u30c8\u30a4\u30ec\u306b\u884c\u3051\u307e\u3059<\/strong>\u3002\u6b63\u9762\u306b\u3042\u308b\u30c9\u30a2\u304b\u3089\u5bdd\u5ba4\u306b\u5411\u304b\u3044\u307e\u3057\u3087\u3046\u3002<\/p>\n<h3>\u5bdd\u5ba4\u306b\u4f4f\u6c11\u304c\u304f\u308b\u307e\u3067\u30af\u30ed\u30fc\u30bc\u30c3\u30c8\u306b\u96a0\u308c\u3066\u304a\u3053\u3046<\/h3>\n<p><img loading=\"lazy\" decoding=\"async\" src=\"https:\/\/gameline.jp\/thiefsimulator2\/wp-content\/uploads\/sites\/460\/2023\/10\/hide-closet.jpg\" alt=\"\u30af\u30ed\u30fc\u30bc\u30c3\u30c8\u306b\u96a0\u308c\u308b\" width=\"1024\" height=\"576\" class=\"aligncenter size-full wp-image-425\" \/><\/p>\n<p><strong>23\u6642\u306b\u306a\u308b\u3068\u4f4f\u6c11\u304c\u5168\u54e1\u7720\u308a\u306b\u3064\u304f<\/strong>\u306e\u3067\u3001\u5bdd\u5ba4\u306b\u3084\u3063\u3066\u304f\u308b\u4f4f\u6c11\u306b\u898b\u3064\u304b\u3089\u306a\u3044\u3088\u3046\u3001\u30af\u30ed\u30fc\u30bc\u30c3\u30c8\u306b\u96a0\u308c\u3066\u304a\u304d\u307e\u3059\u3002<\/p>\n<h3>\u30ab\u30e1\u30e9\u306e\u30bb\u30ad\u30e5\u30ea\u30c6\u30a3\u30d1\u30cd\u30eb\u3068\u91d1\u5eab\u304c\u3042\u308b<\/h3>\n<p><img loading=\"lazy\" decoding=\"async\" src=\"https:\/\/gameline.jp\/thiefsimulator2\/wp-content\/uploads\/sites\/460\/2023\/10\/safe-and-security-panel.jpg\" alt=\"\u30ab\u30e1\u30e9\u306e\u30bb\u30ad\u30e5\u30ea\u30c6\u30a3\u30d1\u30cd\u30eb\u3068\u91d1\u5eab\u304c\u3042\u308b\" width=\"1024\" height=\"576\" class=\"aligncenter size-full wp-image-426\" \/><\/p>\n<p>\u5bdd\u5ba4\u306e\u4e00\u90e8\u306b\u30ab\u30e1\u30e9\u3092\u7121\u52b9\u5316\u3067\u304d\u308b\u30bb\u30ad\u30e5\u30ea\u30c6\u30a3\u30d1\u30cd\u30eb\u3068\u91d1\u5eab\u304c\u3042\u308a\u307e\u3059\u3002<\/p>\n<h3>\u5927\u304d\u3081\u306e\u30a2\u30a4\u30c6\u30e0\u3092\u904b\u3073\u51fa\u3057\u3066\u3044\u3053\u3046<\/h3>\n<p><img loading=\"lazy\" decoding=\"async\" src=\"https:\/\/gameline.jp\/thiefsimulator2\/wp-content\/uploads\/sites\/460\/2023\/10\/carry-item-206.jpg\" alt=\"\u30a2\u30a4\u30c6\u30e0\u3092\u904b\u3073\u51fa\u3059\" width=\"1024\" height=\"576\" class=\"aligncenter size-full wp-image-427\" \/><\/p>\n<p>\u5927\u304d\u3081\u306e\u30a2\u30a4\u30c6\u30e0\u306f\u307b\u3068\u3093\u30691\u968e\u306b\u3042\u308a\u307e\u3059\u304c\u3001<strong>0-4\u6642\u306e\u9593\u306f1\u968e\u3092\u6b69\u304d\u56de\u3063\u3066\u3082\u554f\u984c\u3042\u308a\u307e\u305b\u3093<\/strong>\u3002\u30ac\u30ec\u30fc\u30b8\u524d\u306e\u6b63\u9580\u304b\u3089\u904b\u3073\u51fa\u3059\u304b\u3001\u88cf\u5ead\u304b\u3089\u5916\u3078\u6295\u3052\u6368\u3066\u308b\u304b\u3057\u3066\u30a2\u30a4\u30c6\u30e0\u3092\u76d7\u3093\u3067\u3044\u304d\u307e\u3057\u3087\u3046\u3002<\/p>\n<h3>\u904b\u3073\u7d42\u3048\u305f\u3089\u4e00\u5ea6\u8131\u51fa\u3059\u308b<\/h3>\n<p><img loading=\"lazy\" decoding=\"async\" src=\"https:\/\/gameline.jp\/thiefsimulator2\/wp-content\/uploads\/sites\/460\/2023\/10\/escape-one-time-206.jpg\" alt=\"\u904b\u3073\u7d42\u3048\u305f\u3089\u4e00\u5ea6\u8131\u51fa\" width=\"1024\" height=\"576\" class=\"aligncenter size-full wp-image-432\" \/><\/p>\n<p>\u904b\u3073\u7d42\u3048\u305f\u3089\u4e00\u5ea6\u5e30\u308a\u307e\u3057\u3087\u3046\u3002<strong>\u8eca\u306f\u518d\u5ea6\u4fb5\u5165\u3057\u3066\u76d7\u307f\u307e\u3059<\/strong>\u3002<\/p>\n<h3>23\u6642\u306b\u8abf\u6574\u3057\u3066\u518d\u5ea6\u4fb5\u5165\u3059\u308b<\/h3>\n<p><img loading=\"lazy\" decoding=\"async\" src=\"https:\/\/gameline.jp\/thiefsimulator2\/wp-content\/uploads\/sites\/460\/2023\/10\/sleep-until-23-206-house.jpg\" alt=\"23\u6642\u306b\u8abf\u6574\u3057\u3066\u518d\u5ea6\u4fb5\u5165\" width=\"1024\" height=\"576\" class=\"aligncenter size-full wp-image-431\" \/><\/p>\n<p>\u8eca\u3092\u76d7\u3080\u305f\u3081\u306b2\u56de\u76ee\u306e\u4fb5\u5165\u3092\u8a66\u307f\u307e\u3059\u3002\u5168\u54e1\u304c\u7720\u308b<strong>23\u6642<\/strong>\u306b\u8abf\u6574\u3057\u305f\u5f8c\u30011\u5ea6\u76ee\u3068\u540c\u3058\u69d8\u306b\u4fb5\u5165\u3057\u307e\u3057\u3087\u3046\u3002<\/p>\n<h3>2\u968e\u306e\u30bb\u30ad\u30e5\u30ea\u30c6\u30a3\u30d1\u30cd\u30eb\u3092\u64cd\u4f5c\u3057\u306b\u884c\u304f<\/h3>\n<p><img loading=\"lazy\" decoding=\"async\" src=\"https:\/\/gameline.jp\/thiefsimulator2\/wp-content\/uploads\/sites\/460\/2023\/10\/safe-and-security-panel.jpg\" alt=\"\u30ab\u30e1\u30e9\u306e\u30bb\u30ad\u30e5\u30ea\u30c6\u30a3\u30d1\u30cd\u30eb\u3068\u91d1\u5eab\u304c\u3042\u308b\" width=\"1024\" height=\"576\" class=\"aligncenter size-full wp-image-426\" \/><\/p>\n<p>2\u968e\u306b\u3042\u3063\u305f\u30bb\u30ad\u30e5\u30ea\u30c6\u30a3\u30d1\u30cd\u30eb\u3092\u64cd\u4f5c\u3057\u307e\u3059\u3002<strong>\u30ac\u30ec\u30fc\u30b8\u306b\u30ab\u30e1\u30e9\u304c\u3042\u308b<\/strong>\u305f\u3081\u3001\u8eca\u3092\u76d7\u3080\u306b\u306f\u30ab\u30e1\u30e9\u3092\u7121\u52b9\u5316\u3057\u3066\u304a\u304b\u306a\u3051\u308c\u3070\u306a\u308a\u307e\u305b\u3093\u3002<\/p>\n<h3>1\u968e\u306e\u30ea\u30d3\u30f3\u30b0\u306b\u30ac\u30ec\u30fc\u30b8\u306e\u30bb\u30ad\u30e5\u30ea\u30c6\u30a3\u30d1\u30cd\u30eb<\/h3>\n<p><img loading=\"lazy\" decoding=\"async\" src=\"https:\/\/gameline.jp\/thiefsimulator2\/wp-content\/uploads\/sites\/460\/2023\/10\/living-flore-panel.jpg\" alt=\"1\u968e\u306e\u30ea\u30d3\u30f3\u30b0\u306b\u30ac\u30ec\u30fc\u30b8\u306e\u30bb\u30ad\u30e5\u30ea\u30c6\u30a3\u30d1\u30cd\u30eb\" width=\"1024\" height=\"576\" class=\"aligncenter size-full wp-image-422\" \/><\/p>\n<p>\u968e\u6bb5\u3092\u964d\u308a\u308b\u3068\u30ea\u30d3\u30f3\u30b0\u306b\u7740\u304d\u307e\u3059\u3002<strong>\u5bb6\u306e\u6b63\u9762\u5074\u306b\u5411\u304b\u3046\u3068\u30ac\u30ec\u30fc\u30b8\u306e\u30bb\u30ad\u30e5\u30ea\u30c6\u30a3\u30d1\u30cd\u30eb\u304c\u3042\u308b<\/strong>\u306e\u3067\u3001\u64cd\u4f5c\u3057\u3066\u30b7\u30e3\u30c3\u30bf\u30fc\u3092\u958b\u3051\u3066\u304a\u304d\u307e\u3057\u3087\u3046\u3002<\/p>\n<h3>\u8eca\u306e\u76d7\u307f\u65b9<\/h3>\n<p><img loading=\"lazy\" decoding=\"async\" src=\"https:\/\/gameline.jp\/thiefsimulator2\/wp-content\/uploads\/sites\/460\/2023\/10\/hacking-car-1.jpg\" alt=\"\u8eca\u306e\u76d7\u307f\u65b91\" width=\"1024\" height=\"576\" class=\"aligncenter size-full wp-image-429\" \/><\/p>\n<p>\u307e\u305a<strong>\u8eca\u306e\u524d\u9762<\/strong>\u3092\u8abf\u3079\u3001\u30bf\u30a4\u30df\u30f3\u30b0\u3088\u304f<strong>\u5de6\u30af\u30ea\u30c3\u30af\u30923\u56de<\/strong>\u62bc\u3057\u3066\u8b66\u5831\u97f3\u304c\u306a\u3089\u306a\u3044\u3088\u3046\u306b\u3057\u307e\u3059\u3002<\/p>\n<p><img loading=\"lazy\" decoding=\"async\" src=\"https:\/\/gameline.jp\/thiefsimulator2\/wp-content\/uploads\/sites\/460\/2023\/10\/hacking-car-2.jpg\" alt=\"\u8eca\u306e\u76d7\u307f\u65b92\" width=\"1024\" height=\"576\" class=\"aligncenter size-full wp-image-430\" \/><\/p>\n<p>\u305d\u306e\u5f8c\u30c9\u30a2\u3092\u8abf\u3079\u3001\u4e2d\u306b\u5165\u308a\u307e\u3057\u3087\u3046\u3002<\/p>\n<p><img loading=\"lazy\" decoding=\"async\" src=\"https:\/\/gameline.jp\/thiefsimulator2\/wp-content\/uploads\/sites\/460\/2023\/10\/hacking-car-3.jpg\" alt=\"\u8eca\u306e\u76d7\u307f\u65b93\" width=\"1024\" height=\"576\" class=\"aligncenter size-full wp-image-428\" \/><\/p>\n<p>\u30cf\u30f3\u30c9\u30eb\u3092\u8abf\u3079\u308b\u3068\u753b\u9762\u304c\u73fe\u308c\u307e\u3059\u3002<strong>\u4e2d\u592e\u306b\u8868\u793a\u3055\u308c\u3066\u3044\u308b\u6570\u5b57\u304c\u5408\u8a08\u5024\u3068\u306a\u308b\u3088\u3046\u306a\u639b\u3051\u7b97\u306e\u7d44\u307f\u5408\u308f\u305b<\/strong>\u3092\u9078\u3073\u307e\u3057\u3087\u3046\u3002<\/p>\n<p>\u753b\u50cf\u306b\u8868\u793a\u3055\u308c\u305f<strong>26\u306a\u3089\u3070(1\u00d71)+(5\u00d72)+(5\u00d73)\u306e\u7d44\u307f\u5408\u308f\u305b<\/strong>\u3068\u306a\u308a\u307e\u3059\u3002<\/p>\n<table style=\"border-collapse: collapse;width: 100%;height: 24px\">\n<tbody>\n<tr style=\"height: 24px\">\n<td style=\"width: 50%;text-align: center;height: 24px\">\u25c1<a href=\"https:\/\/gameline.jp\/thiefsimulator2\/stage-lists\/stage-208\/\">208 \u5e97\u8217\u5efa\u8a2d\u73fe\u5834\u3078<\/a><\/td>\n<td style=\"width: 50%;text-align: center;height: 24px\"><a href=\"https:\/\/gameline.jp\/thiefsimulator2\/stage-lists\/stage-201\/\">201 \u30af\u30e9\u30a4\u30f3\u306e\u5bb6<\/a>\u25b7<\/td>\n<\/tr>\n<\/tbody>\n<\/table>\n<h2 id=\"mokuji-3\">Thief Simulater 2\u306e\u95a2\u9023\u30ea\u30f3\u30af<\/h2>\n<h3>\u30b9\u30c6\u30fc\u30b8\u653b\u7565<\/h3>\n<table style=\"border-collapse: collapse;width: 100%\">\n<tbody>\n<tr>\n<th style=\"width: 50%\" colspan=\"2\">\u30b9\u30c6\u30fc\u30b8\u653b\u7565\u8a18\u4e8b\u4e00\u89a7<\/th>\n<\/tr>\n<tr>\n<td style=\"width: 50%;text-align: center\"><a href=\"https:\/\/gameline.jp\/thiefsimulator2\/102-house\/\">102\u7a7a\u304d\u5bb6<\/a><\/td>\n<td style=\"width: 50%;text-align: center\"><a href=\"https:\/\/gameline.jp\/thiefsimulator2\/stage-lists\/stage-103\/\">103\u30a6\u30a3\u30eb\u30bd\u30f3\u306e\u5c0f\u5c4b<\/a><\/td>\n<\/tr>\n<tr>\n<td style=\"width: 50%;text-align: center\"><a href=\"https:\/\/gameline.jp\/thiefsimulator2\/stage-lists\/stage-104\/\">104\u5730\u5143\u306e\u5ec3\u54c1\u7f6e\u304d\u5834<\/a><\/td>\n<td style=\"width: 50%;text-align: center\"><a href=\"https:\/\/gameline.jp\/thiefsimulator2\/stage-lists\/stage-110\/\">110\u30a8\u30c9\u30ef\u30fc\u30c9\u306e\u5bb6<\/a><\/td>\n<\/tr>\n<tr>\n<td style=\"width: 50%;text-align: center\"><a href=\"https:\/\/gameline.jp\/thiefsimulator2\/stage-lists\/stage-105\/\">105 \u30b8\u30e7\u30fc\u30b8\u306e\u5e97<\/a><\/td>\n<td style=\"width: 50%;text-align: center\"><a href=\"https:\/\/gameline.jp\/thiefsimulator2\/stage-lists\/stage-116\/\">116 \u5730\u5143\u306e\u8b66\u5bdf\u7f72<\/a><\/td>\n<\/tr>\n<tr>\n<td style=\"width: 50%;text-align: center\"><a href=\"https:\/\/gameline.jp\/thiefsimulator2\/stage-lists\/stage-108\/\">108 \u30a2\u30f3\u30c0\u30fc\u30bd\u30f3\u306e\u5bb6<\/a><\/td>\n<td style=\"width: 50%;text-align: center\"><a href=\"https:\/\/gameline.jp\/thiefsimulator2\/stage-lists\/stage-109\/\">109 \u30ed\u30c3\u30af\u30db\u30fc\u30eb\u30c9\u306e\u5bb6<\/a><\/td>\n<\/tr>\n<tr>\n<td style=\"width: 50%;text-align: center\"><a href=\"https:\/\/gameline.jp\/thiefsimulator2\/stage-lists\/stage-309\/\">309 \u68ee\u306e\u30ea\u30be\u30fc\u30c8<\/a><\/td>\n<td style=\"width: 50%;text-align: center\"><a href=\"https:\/\/gameline.jp\/thiefsimulator2\/stage-lists\/stage-107\/\">107 \u30cf\u30fc\u30c7\u30a3\u30fc\u306e\u5bb6<\/a><\/td>\n<\/tr>\n<tr>\n<td style=\"width: 50%;text-align: center\"><a href=\"https:\/\/gameline.jp\/thiefsimulator2\/stage-lists\/stage-401\/\">401 \u5009\u5eab<\/a><\/td>\n<td style=\"width: 50%;text-align: center\"><a href=\"https:\/\/gameline.jp\/thiefsimulator2\/stage-lists\/stage-111\/\">111 \u30da\u30ea\u30fc\u306e\u5bb6<\/a><\/td>\n<\/tr>\n<tr>\n<td style=\"width: 50%;text-align: center\"><a href=\"https:\/\/gameline.jp\/thiefsimulator2\/stage-lists\/stage-106\/\">106 \u30b3\u30fc\u30eb\u30d6\u30eb\u30c3\u30af\u306e\u5bb6<\/a><\/td>\n<td style=\"width: 50%;text-align: center\"><a href=\"https:\/\/gameline.jp\/thiefsimulator2\/stage-lists\/stage-204\/\">204 \u30d2\u30eb\u30d3\u30eb\u306e\u30ac\u30ec\u30fc\u30b8<\/a><\/td>\n<\/tr>\n<tr>\n<td style=\"width: 50%;text-align: center\"><a href=\"https:\/\/gameline.jp\/thiefsimulator2\/stage-lists\/stage-207\/\">207 \u30a6\u30a9\u30fc\u30ab\u30fc\u306e\u5bb6<\/a><\/td>\n<td style=\"width: 50%;text-align: center\"><a href=\"https:\/\/gameline.jp\/thiefsimulator2\/stage-lists\/stage-208\/\">208 \u5e97\u8217\u5efa\u8a2d\u73fe\u5834<\/a><\/td>\n<\/tr>\n<tr>\n<td style=\"width: 50%;text-align: center\"><a href=\"https:\/\/gameline.jp\/thiefsimulator2\/stage-lists\/stage-206\/\">206 \u30d6\u30e9\u30f3\u30b3\u4e00\u5bb6\u306e\u5bb6<\/a><\/td>\n<td style=\"width: 50%;text-align: center\"><a href=\"https:\/\/gameline.jp\/thiefsimulator2\/stage-lists\/stage-201\/\">201 \u30af\u30e9\u30a4\u30f3\u306e\u5bb6<\/a><\/td>\n<\/tr>\n<tr>\n<td style=\"width: 50%;text-align: center\"><a href=\"https:\/\/gameline.jp\/thiefsimulator2\/stage-lists\/stage-203\/\">203 \u30c0\u30eb\u30c8\u30f3\u306e\u5bb6<\/a><\/td>\n<td style=\"width: 50%;text-align: center\"><a href=\"https:\/\/gameline.jp\/thiefsimulator2\/stage-lists\/stage-113-2\/\">113 \u30a2\u30c9\u30ea\u30fc\u306e\u5bb6<\/a><\/td>\n<\/tr>\n<tr>\n<td style=\"width: 50%;text-align: center\"><a href=\"https:\/\/gameline.jp\/thiefsimulator2\/stage-lists\/stage-202\/\">202 \u30ab\u30fc\u30f3\u306e\u5225\u8358<\/a><\/td>\n<td style=\"width: 50%;text-align: center\"><a href=\"https:\/\/gameline.jp\/thiefsimulator2\/stage-lists\/stage-406\/\">406 \u4e2d\u592e\u9280\u884c<\/a><\/td>\n<\/tr>\n<\/tbody>\n<\/table>\n\n","protected":false},"excerpt":{"rendered":"<p>\u300cThief Simulater 2(\u30b7\u30fc\u30d5 \u30b7\u30df\u30e5\u30ec\u30fc\u30bf\u30fc 2)\u300d\u306e206 \u30d6\u30e9\u30f3\u30b3\u4e00\u5bb6\u306e\u5bb6\u306e\u60c5\u5831&#8230;<\/p>\n","protected":false},"author":30,"featured_media":0,"parent":50,"menu_order":17,"comment_status":"open","ping_status":"closed","template":"","meta":{"footnotes":""},"class_list":["post-419","page","type-page","status-publish","hentry"],"meta_data":{"rare":""},"_links":{"self":[{"href":"https:\/\/gameline.jp\/thiefsimulator2\/wp-json\/wp\/v2\/pages\/419","targetHints":{"allow":["GET"]}}],"collection":[{"href":"https:\/\/gameline.jp\/thiefsimulator2\/wp-json\/wp\/v2\/pages"}],"about":[{"href":"https:\/\/gameline.jp\/thiefsimulator2\/wp-json\/wp\/v2\/types\/page"}],"author":[{"embeddable":true,"href":"https:\/\/gameline.jp\/thiefsimulator2\/wp-json\/wp\/v2\/users\/30"}],"replies":[{"embeddable":true,"href":"https:\/\/gameline.jp\/thiefsimulator2\/wp-json\/wp\/v2\/comments?post=419"}],"version-history":[{"count":9,"href":"https:\/\/gameline.jp\/thiefsimulator2\/wp-json\/wp\/v2\/pages\/419\/revisions"}],"predecessor-version":[{"id":679,"href":"https:\/\/gameline.jp\/thiefsimulator2\/wp-json\/wp\/v2\/pages\/419\/revisions\/679"}],"up":[{"embeddable":true,"href":"https:\/\/gameline.jp\/thiefsimulator2\/wp-json\/wp\/v2\/pages\/50"}],"wp:attachment":[{"href":"https:\/\/gameline.jp\/thiefsimulator2\/wp-json\/wp\/v2\/media?parent=419"}],"curies":[{"name":"wp","href":"https:\/\/api.w.org\/{rel}","templated":true}]}}