{"id":62,"date":"2015-11-29T13:04:57","date_gmt":"2015-11-29T04:04:57","guid":{"rendered":"https:\/\/gameline.jp\/tokimemo2\/?page_id=62"},"modified":"2020-06-02T17:26:44","modified_gmt":"2020-06-02T08:26:44","slug":"%e9%80%9a%e8%b2%a9","status":"publish","type":"page","link":"https:\/\/gameline.jp\/tokimemo2\/%e3%83%87%e3%83%bc%e3%82%bf\/%e9%80%9a%e8%b2%a9\/","title":{"rendered":"\u901a\u8ca9"},"content":{"rendered":"<h2 id=\"mokuji-1\">\u901a\u8ca9\u306b\u3064\u3044\u3066<\/h2>\n<p>\u5404\u5b63\u7bc0\u306b1\u56de\u306e\u307f\u5229\u7528\u53ef\u80fd\u3002<\/p>\n<p>\u901a\u8ca9\u3092\u5229\u7528\u3059\u308b\u306b\u306f\u3001\u60c5\u5831\u8a8c\u306e\u5de6\u6a2a\u306b\u3042\u308b\u5e83\u544a\u306e\u96fb\u8a71\u756a\u53f7\u3092\u62bc\u3059\u304b\u3001\u4e3b\u4eba\u516c\u306e\u90e8\u5c4b\u4e2d\u592e\u306b\u3042\u308b\u96fb\u8a71\u6a5f\u306b\u30ab\u30fc\u30bd\u30eb\u3092\u5408\u308f\u305b\u3001\u5e83\u544a\u306e\u96fb\u8a71\u756a\u53f7\uff08\u25a1\u25cb\u25a1 &#8211; \u00d7\u00d7\u00d7 &#8211; \u25cb\u25cb\u25cb\u25cb\uff09\u3092\u30b3\u30f3\u30c8\u30ed\u30fc\u30e9\u30fc\u306e\u30dc\u30bf\u30f3\u3067\u5165\u529b\u3059\u308b\u3068\u5229\u7528\u3067\u304d\u308b\u3002<\/p>\n<p>&nbsp;<\/p>\n<p>\u901a\u8ca9\u3067\u8cfc\u5165\u3067\u304d\u308b\u3082\u306e\u306f\u3059\u3079\u3066\u5546\u54c1\u306b\u5fdc\u3058\u3066\u5404\u30d1\u30e9\u30e1\u30fc\u30bf\u304c\u305d\u306e\u5834\u3067\u4e0a\u6607\u3059\u308b\u304c\u3001\u526f\u4f5c\u7528\u3068\u3057\u3066\u4f7f\u7528\u6642\u70b9\u304b2\u9031\u9593\u5f8c\u306b\u30d1\u30e9\u30e1\u30fc\u30bf\u304c\u4e0b\u304c\u308b\u3002<\/p>\n<p>\u30de\u30a4\u30ca\u30b9\u306e\u65b9\u304c\u5927\u304d\u3044\u305f\u3081\u57fa\u672c\u7684\u306b\u5229\u7528\u3059\u308b\u3053\u3068\u306f\u7121\u3044\u304c\u3001\u4e5d\u6bb5\u4e0b\u821e\u4f73\u306e\u653b\u7565\u306b\u306f\u901a\u8ca9\u30924\u30b7\u30fc\u30ba\u30f3\u00d73\u5e74\u9593\u306e\u8a0812\u56de\u5229\u7528\u3059\u308b\u3053\u3068\u304c\u5fc5\u9808\u3068\u306a\u308b\u3002<\/p>\n<p><a title=\"\u4e5d\u6bb5\u4e0b \u821e\u4f73\" href=\"https:\/\/gameline.jp\/tokimemo2\/%e6%94%bb%e7%95%a5\/%e4%b9%9d%e6%ae%b5%e4%b8%8b-%e8%88%9e%e4%bd%b3\/\">\u4e5d\u6bb5\u4e0b\u821e\u4f73\u306e\u653b\u7565\u30da\u30fc\u30b8<\/a><\/p>\n<p>&nbsp;<\/p>\n<p>\u552f\u4e00\u306e\u4f7f\u3044\u9053\u3068\u3057\u3066\u306f\u3001\u30af\u30ea\u30b9\u30de\u30b9\u30d1\u30fc\u30c6\u30a3\u30fc\u306b\u53c2\u52a0\u3057\u305f\u3044\u304c\u5bb9\u59ff\u306e\u30d1\u30e9\u30e1\u30fc\u30bf\u304c\u8db3\u3089\u306a\u3044\u5834\u5408\u306b\u4f7f\u7528\u3059\u308b\u3050\u3089\u3044\u3067\u3042\u308b\u3002<\/p>\n<p>&nbsp;<\/p>\n<p>&nbsp;<\/p>\n<h2 id=\"mokuji-2\">\u901a\u8ca9\u3067\u8cfc\u5165\u3067\u304d\u308b\u5546\u54c1<\/h2>\n<h3>\u6625\uff1a\u30d6\u30ed\u30ef\u30fc\u30ab\u30fc<\/h3>\n<table>\n<tbody>\n<tr>\n<th><\/th>\n<th>\u4f7f\u7528\u6642\u70b9<\/th>\n<th>\u4f7f\u7528\u6642\u70b9\uff08\u526f\u4f5c\u7528\uff09<\/th>\n<\/tr>\n<tr>\n<th>1\u5e74\u76ee<\/th>\n<td>\u904b\u52d5+15<\/td>\n<td>\u6587\u7cfb\u30fb\u7406\u7cfb-7<\/td>\n<\/tr>\n<tr>\n<th>2\u5e74\u76ee<\/th>\n<td>\u904b\u52d5+22<\/td>\n<td>\u6587\u7cfb\u30fb\u7406\u7cfb-10<\/td>\n<\/tr>\n<tr>\n<th>3\u5e74\u76ee<\/th>\n<td>\u904b\u52d5+30<\/td>\n<td>\u6587\u7cfb\u30fb\u7406\u7cfb-14<\/td>\n<\/tr>\n<\/tbody>\n<\/table>\n<p>&nbsp;<\/p>\n<p>&nbsp;<\/p>\n<h3>\u590f\uff1a\u7761\u7720\u5b66\u7fd2\u88c5\u7f6e<\/h3>\n<table>\n<tbody>\n<tr>\n<th><\/th>\n<th>\u4f7f\u7528\u6642\u70b9<\/th>\n<th>2\u9031\u9593\u5f8c<\/th>\n<\/tr>\n<tr>\n<th>1\u5e74\u76ee<\/th>\n<td>\u6587\u7cfb\u30fb\u7406\u7cfb+10<\/td>\n<td>\u6587\u7cfb\u30fb\u7406\u7cfb-15<\/td>\n<\/tr>\n<tr>\n<th>2\u5e74\u76ee<\/th>\n<td>\u6587\u7cfb\u30fb\u7406\u7cfb+15<\/td>\n<td>\u6587\u7cfb\u30fb\u7406\u7cfb-22<\/td>\n<\/tr>\n<tr>\n<th>3\u5e74\u76ee<\/th>\n<td>\u6587\u7cfb\u30fb\u7406\u7cfb+20<\/td>\n<td>\u6587\u7cfb\u30fb\u7406\u7cfb-30<\/td>\n<\/tr>\n<\/tbody>\n<\/table>\n<p>&nbsp;<\/p>\n<p>&nbsp;<\/p>\n<h3>\u79cb\uff1a\u30b9\u30c3\u30dd\u30f3\u6fc3\u7e2eZ<\/h3>\n<table>\n<tbody>\n<tr>\n<th><\/th>\n<th>\u4f7f\u7528\u6642\u70b9<\/th>\n<th>\u4f7f\u7528\u6642\u70b9\uff08\u526f\u4f5c\u7528\uff09<\/th>\n<\/tr>\n<tr>\n<th>1\u5e74\u76ee<\/th>\n<td>\u4f53\u8abf+10<\/td>\n<td>\u30b9\u30c8\u30ec\u30b9+10<\/td>\n<\/tr>\n<tr>\n<th>2\u5e74\u76ee<\/th>\n<td>\u4f53\u8abf+15<\/td>\n<td>\u30b9\u30c8\u30ec\u30b9+15<\/td>\n<\/tr>\n<tr>\n<th>3\u5e74\u76ee<\/th>\n<td>\u4f53\u8abf+20<\/td>\n<td>\u30b9\u30c8\u30ec\u30b9+20<\/td>\n<\/tr>\n<\/tbody>\n<\/table>\n<p>&nbsp;<\/p>\n<p>&nbsp;<\/p>\n<h3>\u51ac\uff1a\u9b45\u60d1\u306e\u9999\u6c34\u30d5\u30a7\u30ed\u30e2\u30fc\u30f3<\/h3>\n<table>\n<tbody>\n<tr>\n<th><\/th>\n<th>\u4f7f\u7528\u6642\u70b9<\/th>\n<th>2\u9031\u9593\u5f8c<\/th>\n<\/tr>\n<tr>\n<th>1\u5e74\u76ee<\/th>\n<td>\u5bb9\u59ff+15<\/td>\n<td>\u5bb9\u59ff-20<\/td>\n<\/tr>\n<tr>\n<th>2\u5e74\u76ee<\/th>\n<td>\u5bb9\u59ff+22<\/td>\n<td>\u5bb9\u59ff-30<\/td>\n<\/tr>\n<tr>\n<th>3\u5e74\u76ee<\/th>\n<td>\u5bb9\u59ff+30<\/td>\n<td>\u5bb9\u59ff-40<\/td>\n<\/tr>\n<\/tbody>\n<\/table>\n","protected":false},"excerpt":{"rendered":"<p>\u901a\u8ca9\u306b\u3064\u3044\u3066 \u5404\u5b63\u7bc0\u306b1\u56de\u306e\u307f\u5229\u7528\u53ef\u80fd\u3002 \u901a\u8ca9\u3092\u5229\u7528\u3059\u308b\u306b\u306f\u3001\u60c5\u5831\u8a8c\u306e\u5de6\u6a2a\u306b\u3042\u308b\u5e83\u544a\u306e\u96fb\u8a71\u756a\u53f7\u3092\u62bc\u3059&#8230;<\/p>\n","protected":false},"author":1,"featured_media":268,"parent":10,"menu_order":70,"comment_status":"open","ping_status":"open","template":"","meta":{"footnotes":""},"class_list":["post-62","page","type-page","status-publish","has-post-thumbnail","hentry"],"meta_data":{"rare":""},"_links":{"self":[{"href":"https:\/\/gameline.jp\/tokimemo2\/wp-json\/wp\/v2\/pages\/62","targetHints":{"allow":["GET"]}}],"collection":[{"href":"https:\/\/gameline.jp\/tokimemo2\/wp-json\/wp\/v2\/pages"}],"about":[{"href":"https:\/\/gameline.jp\/tokimemo2\/wp-json\/wp\/v2\/types\/page"}],"author":[{"embeddable":true,"href":"https:\/\/gameline.jp\/tokimemo2\/wp-json\/wp\/v2\/users\/1"}],"replies":[{"embeddable":true,"href":"https:\/\/gameline.jp\/tokimemo2\/wp-json\/wp\/v2\/comments?post=62"}],"version-history":[{"count":3,"href":"https:\/\/gameline.jp\/tokimemo2\/wp-json\/wp\/v2\/pages\/62\/revisions"}],"predecessor-version":[{"id":146,"href":"https:\/\/gameline.jp\/tokimemo2\/wp-json\/wp\/v2\/pages\/62\/revisions\/146"}],"up":[{"embeddable":true,"href":"https:\/\/gameline.jp\/tokimemo2\/wp-json\/wp\/v2\/pages\/10"}],"wp:featuredmedia":[{"embeddable":true,"href":"https:\/\/gameline.jp\/tokimemo2\/wp-json\/wp\/v2\/media\/268"}],"wp:attachment":[{"href":"https:\/\/gameline.jp\/tokimemo2\/wp-json\/wp\/v2\/media?parent=62"}],"curies":[{"name":"wp","href":"https:\/\/api.w.org\/{rel}","templated":true}]}}